t x be c(14). Calculate the highest common factor of 80 and x.
20
Let g = 409 - -41. What is the greatest common factor of g and 18?
18
Let w(g) = -g**3 - g**2 + 4*g + 1. Let d be w(-3). Let p = 14 - d. Let i = p - -11. What is the greatest common factor of i and 144?
18
Let q = 15 + -7. Suppose 7*t - q = 3*t. Suppose 3*n = t*n + 22. Calculate the highest common divisor of n and 2.
2
Let d be -1*(-1 + -24) + -1. Suppose 3*z - 4 = -z. Suppose -z + 17 = 4*b. What is the greatest common factor of d and b?
4
Suppose 3444 = 46*c - 32*c. Calculate the greatest common factor of 287 and c.
41
Let m(a) = -10*a**2 - 13*a + 11. Let r(g) = 3*g**2 + 4*g - 4. Let u(y) = 2*m(y) + 7*r(y). Let b be u(-6). What is the greatest common factor of b and 12?
6
Suppose -31*f + 28*f = -60. What is the greatest common divisor of 30 and f?
10
Suppose -62*u + 63*u = 3. Let f be 6/u*3/2. Calculate the highest common factor of 6 and f.
3
Suppose -2 = -3*t + 10. Suppose 4*r = -4*m + 404, -4*r + 305 = -m + t*m. Calculate the highest common divisor of 11 and m.
11
Suppose 80 - 200 = -2*g. Suppose 3*i - g = 8*i. Let r be i/(-4)*15 - -3. Calculate the highest common factor of 6 and r.
6
Suppose 31 - 7 = 3*d. Let q = d + -4. Let f(h) = 10*h + 70. Let p be f(-6). Calculate the highest common factor of q and p.
2
Let g = -930 + 949. What is the highest common divisor of g and 437?
19
Let z be (-114)/30 - (-3)/(-15). Let a be (2 - 4/z) + -1. Suppose -3*k - 6 = 0, 0 = -a*l - l + k + 17. Calculate the highest common divisor of l and 40.
5
Let y be 36/45*(-2100)/(-8). Calculate the greatest common divisor of 21 and y.
21
Let h = -3 + 3. Suppose h + 30 = 2*t. Suppose 0 = -5*r + 47 - 17. What is the greatest common divisor of t and r?
3
Let d = 0 - 8. Let v be ((-18)/24)/(2/d). Suppose -7*i = -v*i - 60. Calculate the greatest common divisor of 3 and i.
3
Let c be 0 + 191 - (-3 + 5). Let b(g) = -3*g - 12. Let f be 1/(-4) + 17*(-6)/8. Let u be b(f). What is the highest common factor of c and u?
27
Let s be (12/(-8))/(12/(-40)). Calculate the highest common divisor of 7 and s.
1
Let l be ((-3)/(6/11))/((-1)/8). Let w = l - 37. Calculate the highest common factor of 49 and w.
7
Let s(q) = 25*q - 14*q - 9*q + 0 + 1. Suppose -13 = -5*g - 3. Let w be s(g). Calculate the greatest common factor of 1 and w.
1
Suppose 43 = 15*y - 437. Let r be 4*((-10)/(-4) - 2). Calculate the highest common divisor of y and r.
2
Suppose 0 = w - 3 - 3. Suppose -w*r - 146 = -1136. Calculate the greatest common factor of 33 and r.
33
Let c(z) = 8*z**2 + 34*z - 6. Let w be c(-5). Calculate the greatest common divisor of 12 and w.
12
Let b be ((-1)/(-2))/(1/86). Suppose o - b = -8. What is the greatest common factor of 14 and o?
7
Suppose -o + 2*d - 6 = -14, 4*d = 0. Let w = 23 + 17. What is the highest common divisor of o and w?
8
Suppose -3*g = s + g - 26, 2*s + g - 80 = 0. What is the highest common divisor of 28 and s?
14
Let z(u) be the third derivative of u**5/60 - 3*u**4/8 - 7*u**3/2 + 13*u**2. Let p be z(12). Calculate the highest common factor of p and 45.
15
Suppose 7*l = -199 + 3195. Calculate the greatest common factor of l and 321.
107
Let l = 86 + -36. Calculate the greatest common factor of 110 and l.
10
Let w(i) = i + 10. Let z be w(-9). Suppose -11 = -5*d - 1. Suppose 3*q - z = b + d*q, 5*b = 4*q. What is the highest common divisor of b and 10?
2
Suppose -22*u + 18*u + 16 = 0. Suppose -2*n - 4 = -14. Suppose -32 = -4*f - n*i, 3*f - 4*f - u*i = -19. What is the highest common factor of f and 3?
3
Suppose 4*p + 208 = 3*i, -2*i - 3*p + 194 - 44 = 0. What is the greatest common divisor of i and 504?
72
Suppose g = 3*f - 7*f + 52, -2*g + 124 = -2*f. Calculate the greatest common factor of 140 and g.
20
Let h be (-22)/3*24/(-16). What is the highest common divisor of h and 913?
11
Let s = -51 + 423. Suppose -2*f + s = 108. Let p(x) = -4*x - 96. Let m be p(-27). Calculate the greatest common divisor of f and m.
12
Let y(l) = 2*l**2 + 89*l + 92. Let a be y(-44). Calculate the greatest common factor of a and 1200.
48
Let y = 5 - -33. What is the greatest common factor of 133 and y?
19
Let r(d) = -2*d**2 - 12*d + 4. Let l be r(-4). What is the highest common factor of 5 and l?
5
Let j(a) = 8*a**2 - a + 6. Let p be j(2). Let c = 14 + 76. Calculate the highest common factor of p and c.
18
Let o(c) = -138*c + 18. Let y be o(0). Let g = -380 + 203. Let u = -87 - g. What is the greatest common factor of y and u?
18
Let g be 2 + (-9779)/(77/(-7)). Calculate the highest common divisor of 132 and g.
33
Suppose 1413 = 11*g - 1249. Calculate the highest common divisor of g and 22.
22
Suppose -3*k = 15, 4*k = -3*s + s + 14. Let i(r) = 7*r**2 - 2*r - 7. Let q be i(4). Let v = 148 - q. Calculate the highest common divisor of v and s.
17
Let o(u) = -20*u - 305. Let d be o(-16). Let l = 12 - 7. Suppose -4*k = 3*h - 51, l*h - 123 = k - d. What is the highest common divisor of 189 and h?
21
Let v(m) = 6*m**3 + m**2 - m - 1. Let k be v(-1). Let g be (k/(20/(-12)))/(-1). Let u be -1*(177/g + -1). What is the greatest common divisor of 15 and u?
15
Let c = 19 - -50. Calculate the greatest common factor of 437 and c.
23
Let b = 5 + 0. Suppose -5*f - b*g + 70 = 0, -29 = -3*f + f - 3*g. Let c = 418 - 314. Calculate the greatest common divisor of c and f.
13
Let g(s) = s**2 - s. Let t be g(-1). Suppose 49 = t*f + 3*o, 0 = 3*f - 0*o + 5*o - 71. Let h = 9 - 1. What is the highest common divisor of f and h?
8
Let j(k) = 25*k - 101. Let y be j(4). Let p(u) = u**3 + 4*u**2 - 8*u - 3. Let r be p(-5). Let c be (4/r)/y*-6. Calculate the greatest common divisor of c and 8.
2
Let q(v) = -131*v - 1. Let n(p) = -2 - 2*p - 7*p + 8*p. Let t be n(-1). Let u be q(t). What is the greatest common divisor of u and 52?
26
Let g = 1573 - 1499. Calculate the highest common factor of g and 4.
2
Let d(r) = 2*r - 1. Let v be d(-5). Suppose 3 = o, a + 5*o - 20 = -13. Let x = a - v. What is the highest common divisor of 2 and x?
1
Let s(f) = -11*f - 2. Let y be s(-4). Suppose 0 = 85*g - 87*g - 180. Let m = -62 - g. What is the highest common factor of y and m?
14
Let h(p) = -p + 19. Let j be h(11). Let l = j - 0. What is the highest common divisor of 4 and l?
4
Suppose 6*t + 24 = 9*t. Suppose -4 = -4*l - t. Let b be (20/(-15))/(l/9). What is the highest common factor of 18 and b?
6
Suppose i = -3*i + 260. Suppose 5*s + i = 310. Suppose -2*q - 3 + s = 0. What is the greatest common factor of q and 46?
23
Let c = 24 + -19. Suppose 0 = c*o - 115 - 80. Suppose 4*r = r + 39. What is the greatest common divisor of r and o?
13
Suppose -z = 3*t + 4*z + 5, 3*t = -4*z - 1. Let x be 53 - (-1 - 1)*1. Calculate the greatest common factor of t and x.
5
Let k = -960 + 1751. What is the highest common divisor of k and 7?
7
Suppose 20 = 2*z - 2*r, 2*r = 5*z + 3*r - 20. Let g be 1*(0 + z - -10). Calculate the greatest common factor of g and 10.
5
Suppose -17 = l - 13. Let w be (-230)/(-4) - -5 - 2/l. Let j(m) = -22*m - 1. Let d be j(-1). Calculate the greatest common factor of d and w.
21
Let q be 1/(-2) + (-934)/(-4). Suppose j + 8 = 3. Let u be -1 + q + (j - -4). What is the highest common factor of u and 21?
21
Suppose 35 + 38 = d + 2*h, -3*h = -15. What is the highest common divisor of 84 and d?
21
Suppose 4*r - 91 = 21. Let v(j) = 3*j**2 + 16*j + 12. Let s be v(-12). Calculate the highest common divisor of s and r.
28
Let p(f) = -8*f + 8. Let w be p(-3). What is the greatest common factor of 176 and w?
16
Let n(o) = 323*o**3 - o**2 - o - 1. Let h be n(-1). Let c = h - -162. Let s = -102 - c. Calculate the highest common factor of 150 and s.
30
Let l be 37 - (1 - (-1 + 0)). Suppose 4*g + g + 15 = 3*q, -4*g + 5 = q. What is the highest common divisor of l and q?
5
Let v(d) = -33*d + 13. Let c be v(5). Let m = 168 + c. What is the greatest common divisor of 128 and m?
16
Let l(u) = u - 11. Let k be l(11). Suppose k = 10*v - 78 - 92. What is the highest common factor of v and 85?
17
Let o = 218 - 334. Let h be 4/(-14) - o/14. Let m = -5 + 6. Calculate the highest common factor of m and h.
1
Let n = -4 - -4. Suppose n = -0*p + p. Suppose -2*f = -5*t + 70, t + p*t = 3*f + 27. Calculate the greatest common factor of t and 60.
12
Let k be 10/(2 - (-180)/(-93)). Let g be (300/(